 + j = -4*j - 440. Let m = s - 275. Calculate the greatest common factor of m and 28.
28
Let a(z) = -z**3 + 10*z**2 - 22*z + 9. Let i be a(7). Let m be 52/(-286) - (i - 334/22). Let q = -18 - -31. What is the highest common factor of q and m?
13
Suppose 0 = 5*f + 2 + 3, -26 = -5*h + f. Suppose -2 = 2*x, -2*x + 136 = h*o + 2*x. Let d = o - 12. What is the greatest common divisor of 32 and d?
16
Suppose 19746 - 1078 = 3*d - r, 0 = 4*d + 5*r - 24897. What is the greatest common factor of 254 and d?
127
Suppose 3*u + 1640 = 8*u. Suppose -3*r + 852 = 5*q, 4*q + 5*r - u = 364. What is the greatest common divisor of q and 42?
42
Let b = 1720 - -2857. Calculate the greatest common divisor of b and 92.
23
Let k(h) = h**3 + 2*h**2 - h + 1. Let n be k(-2). Suppose 342*d = 1055 + 655. What is the highest common divisor of d and n?
1
Suppose -4*g = -4*m - 348, 19*m = g + 24*m - 51. Calculate the greatest common divisor of g and 7830.
27
Suppose 565*x = 710*x - 870145. Calculate the greatest common factor of 34 and x.
17
Suppose -16*p + 69 = -443. Let a = 7 + p. Suppose -4*y = -63 - 249. What is the highest common factor of a and y?
39
Let x = 7193 - 6921. What is the greatest common factor of 9452 and x?
68
Let l be 9 - (-6 + 18) - (-1 - 5). Let i be ((-6)/10)/((-2)/10). Suppose j - 6*j + 5*r = -45, -i*r + 21 = j. What is the highest common divisor of j and l?
3
Let i(n) = -2*n + 3. Let r(t) = 1. Let x = 36 + -35. Let q(o) = x*i(o) + 4*r(o). Let v be q(-8). What is the highest common factor of v and 46?
23
Let y = 174 - -2. Suppose 11*u + 3531 - 737 = 0. Let t = u + 270. What is the greatest common factor of t and y?
16
Let v = 297 + 126. Let x = v - 411. What is the highest common factor of 52 and x?
4
Let g(d) = d**3 + d**2 + 11. Let t be g(0). Suppose -k + 4*i - t = -0, -3*i = 2*k + 33. Let r = -2 - k. What is the greatest common divisor of r and 104?
13
Let d be ((-84)/(-112))/(-5 + (-263)/(-52)). Calculate the highest common divisor of 5317 and d.
13
Let m = -204 - -295. Let a(x) = 9*x - 6. Let c be a(5). Calculate the highest common divisor of m and c.
13
Let d(q) = -q + 39. Let z be 10 + (-4 - -5)*4. Let n be d(z). What is the greatest common divisor of 50 and n?
25
Let k be (-5)/2 + 223627/226. What is the greatest common factor of k and 14?
7
Let p be (-42)/(-4)*2368/111. Calculate the highest common divisor of 832 and p.
32
Suppose -q + 3*f + 8232 = -f, -24717 = -3*q + 5*f. Calculate the highest common divisor of q and 12.
12
Suppose -z + 15 - 13 = 0. Suppose -4*n - z*v = 0, 20 = -v - 4*v. Suppose 3*u + n*w - 67 = 0, 4*u - 80 = 3*w - w. What is the highest common factor of 273 and u?
21
Let m(j) = 62*j - 2976. Let g be m(73). What is the greatest common factor of 403 and g?
31
Let y be 5/(10/(-4))*-20. Let w be (-88 + 72)*(-1 + 0). Suppose w*i + 180 = 34*i. Calculate the greatest common factor of i and y.
10
Suppose 4*g + t = 845, -g = -114*t + 116*t - 220. Calculate the greatest common factor of 2030 and g.
70
Let p = 7094 + -7036. What is the greatest common factor of p and 1566?
58
Let o be ((-159)/15 - -11)*30. Let z be (-1)/(-4) + (-191)/(-4). What is the greatest common divisor of o and z?
12
Let b(j) = -15*j + 684. Let i be b(40). What is the greatest common factor of 168 and i?
84
Suppose 0 = 4*g - 48*l + 49*l - 15656, -4*g = 3*l - 15656. Calculate the greatest common factor of 114 and g.
38
Let l be (236/12)/((-2)/(2 + -8)). Let j = -48 + l. What is the highest common factor of j and 99?
11
Suppose -4977 = -3*k - 4*x - 592, -7270 = -5*k + x. Suppose -5*y = -29 + 4, 5*a + y + k = 0. Let s = 422 + a. What is the greatest common factor of s and 52?
26
Let x = 24794 - 24122. What is the greatest common divisor of 448 and x?
224
Let w(g) = -26*g + 333. Let t(f) = -13*f + 163. Let j(b) = 10*t(b) - 4*w(b). Let y be j(11). Calculate the highest common factor of y and 12.
12
Suppose 6*f = -4*d + 1667 + 1321, -3*d + f = -2230. What is the greatest common divisor of d and 1209?
93
Suppose -31 = -f + 204. Suppose 4*v = 5*g - 3*g - 392, 0 = -4*g - 3*v + 740. Calculate the greatest common factor of f and g.
47
Suppose -8*a + 4465 = 4289. What is the greatest common factor of 3718 and a?
22
Suppose 0 = 36*s + 81*s - 1519830. Calculate the greatest common factor of 60 and s.
30
Let w be 4 - (-5 - -8) - (-2 + 1)*160. What is the greatest common factor of 299 and w?
23
Let a(m) = 4*m**2 - 8*m. Let p be a(6). Let u(q) = -13*q**3 + 51*q**2 + 7*q. Let f be u(4). What is the greatest common divisor of p and f?
12
Let b(g) = -7*g**2 + g - 1. Let n be b(1). Let c = 13 + n. Suppose -5*j + 64 = 33*j - 164. Calculate the greatest common divisor of c and j.
6
Suppose 13*l - 116 = -16*l. Suppose l*h - 589 = -o, -6*o + o + 2945 = 2*h. What is the greatest common factor of o and 19?
19
Let o = -62 + 96. Let w = o - 22. Let m = 24 - w. Calculate the highest common factor of m and 12.
12
Suppose j = 18*j - 952. Suppose 0 = 3*p - 21 - 15. Suppose 14 = -p*d + 14*d. What is the greatest common divisor of j and d?
7
Suppose a - 4 = 0, -z - z + 5*a = 28. Let w = 2752 + -2749. Let n be (1/w)/(-1*z/660). What is the highest common divisor of n and 11?
11
Suppose 0 = -3*w - 7 - 2. Let o be (84/(-35))/(w/30). Let r = -57 + 129. What is the greatest common factor of r and o?
24
Let n = 843 + -403. Let s = -77 - -117. Calculate the highest common divisor of n and s.
40
Let t(q) = q**3 - 9*q**2 + 9*q - 5. Let z be t(8). Suppose 3*d - 15 = z. Suppose d*j - 5*j = 6. What is the highest common factor of j and 54?
6
Suppose -12909 = 1534*k - 15166 - 25355. Let d be (1 - -1)*(-2)/(-1). Suppose -d*h + 495 = h. Calculate the greatest common factor of h and k.
9
Let a be (-7)/35*-239*5. Let l be a - -14*(-8)/16. Calculate the greatest common divisor of 16 and l.
8
Let z be (77/(-22))/((-1)/(-2)). Let n(t) = -t**3 - 6*t**2 + 5*t + 4. Let v be n(z). Let m = 83 - 59. Calculate the highest common factor of v and m.
6
Suppose 4*q - 13785 = 283*m - 286*m, 35 = 5*m. Calculate the greatest common divisor of q and 777.
111
Let l be ((-3742652)/(-414))/((-8)/(-6)) - 2/12. Calculate the greatest common factor of 120 and l.
60
Let t be -21*90/(-252)*(-16)/(-2). What is the highest common divisor of 885 and t?
15
Suppose -x = -10*x + 36. Suppose 0*g - 5 = -2*o + g, -x*o + 5 = -g. Suppose o*w - 5*t + 245 = 5*w, 2*t = 2. What is the greatest common factor of 6 and w?
6
Suppose 125 + 6 = 29*c - 72. Let r(s) = s - s**2 + 47 - 12 + 0*s. Let k be r(0). Calculate the highest common factor of k and c.
7
Let d(x) = 9*x**3 - 3*x**2 - 3*x - 4. Let p be d(3). Suppose 0 = -11*z - 60*z + 32*z + 273. Calculate the highest common divisor of p and z.
7
Let w = 180 + -198. Let o(s) = 2*s**3 + 36*s**2 - s - 7. Let u be o(w). What is the greatest common factor of 143 and u?
11
Let w(s) = 5*s + 177. Let r be w(-19). Suppose i - 4*a = 73, -i - 2*a + 3*a = -r. What is the greatest common factor of 51 and i?
17
Let h(x) = -224*x**3 - x**2 - 7*x - 5. Let t = -390 + 389. Let b be h(t). What is the greatest common factor of 25 and b?
25
Suppose -22*f + 15785 = -847. What is the greatest common divisor of f and 231?
21
Let d be -155 + 7 + (0 - 6) - -2. Let s be (-2)/(-2)*(14 - 10 - d). Calculate the highest common factor of s and 195.
39
Let q(v) = v**3 - 17*v**2 + 3*v - 29. Let m be q(17). Suppose 0 = m*b + 3*b - 450. What is the highest common factor of 84 and b?
6
Let j = 1781 - -1145. What is the greatest common divisor of 14 and j?
14
Suppose d = 3*w + 94, 10*w - 5*d = 7*w - 110. Let x = w - -32. Calculate the highest common factor of x and 62.
2
Suppose 32*p = -y + 35*p + 302, y - 4*p - 299 = 0. Let j = -310 + y. Calculate the highest common factor of j and 11.
1
Let h be 32/6*(2 - -1). Let n = 2574 - 307. Suppose -1701 = -31*i + n. What is the greatest common divisor of h and i?
16
Let n = 39 + -57. Let s be ((-16)/(-48))/((-2)/n). Suppose -5*y + 3*o = -o - 688, -s*y + 405 = -5*o. What is the greatest common divisor of 28 and y?
28
Suppose -5*w + k + 887 = -293, -4*w = -2*k - 938. Let c = w - 176. Calculate the greatest common divisor of 305 and c.
61
Let r = -2162 + 5226. Calculate the greatest common factor of r and 8.
8
Let k be 20/(-6) + 15/45 + 25. Suppose 3*w - 17 = -2*y, w + 3 - k = 2*y. Let z be ((-3)/2)/(w/(-